{"id":307,"date":"2024-08-12T21:21:19","date_gmt":"2024-08-13T00:21:19","guid":{"rendered":"http:\/\/amaralematos.webnginx15f01.uni5.net\/?page_id=307"},"modified":"2024-08-25T17:15:23","modified_gmt":"2024-08-25T20:15:23","slug":"quem-somos","status":"publish","type":"page","link":"https:\/\/amaralematos.adv.br\/?page_id=307","title":{"rendered":"Quem Somos"},"content":{"rendered":"\t\t<div data-elementor-type=\"wp-page\" data-elementor-id=\"307\" class=\"elementor elementor-307\" data-elementor-settings=\"[]\">\n\t\t\t\t\t\t\t<div class=\"elementor-section-wrap\">\n\t\t\t\t\t\t\t<section class=\"elementor-section elementor-top-section elementor-element elementor-element-f2754dd elementor-section-boxed elementor-section-height-default elementor-section-height-default\" data-id=\"f2754dd\" data-element_type=\"section\" id=\"quem\" data-settings=\"{&quot;background_background&quot;:&quot;classic&quot;}\">\n\t\t\t\t\t\t<div class=\"elementor-container elementor-column-gap-default\">\n\t\t\t\t\t<div class=\"elementor-column elementor-col-50 elementor-top-column elementor-element elementor-element-4fcc8e4\" data-id=\"4fcc8e4\" data-element_type=\"column\">\n\t\t\t<div class=\"elementor-widget-wrap elementor-element-populated\">\n\t\t\t\t\t\t\t\t<div class=\"elementor-element elementor-element-5fca87d elementor-invisible elementor-widget elementor-widget-image\" data-id=\"5fca87d\" data-element_type=\"widget\" data-settings=\"{&quot;_animation&quot;:&quot;fadeInLeft&quot;}\" data-widget_type=\"image.default\">\n\t\t\t\t<div class=\"elementor-widget-container\">\n\t\t\t\t\t\t\t\t\t\t\t\t\t\t\t<img loading=\"lazy\" decoding=\"async\" width=\"500\" height=\"700\" src=\"https:\/\/amaralematos.adv.br\/wp-content\/uploads\/2024\/07\/23.jpg\" class=\"attachment-large size-large\" alt=\"\" srcset=\"https:\/\/amaralematos.adv.br\/wp-content\/uploads\/2024\/07\/23.jpg 500w, https:\/\/amaralematos.adv.br\/wp-content\/uploads\/2024\/07\/23-214x300.jpg 214w\" sizes=\"auto, (max-width: 500px) 100vw, 500px\" \/>\t\t\t\t\t\t\t\t\t\t\t\t\t\t\t<\/div>\n\t\t\t\t<\/div>\n\t\t\t\t\t<\/div>\n\t\t<\/div>\n\t\t\t\t<div class=\"elementor-column elementor-col-50 elementor-top-column elementor-element elementor-element-f2c79d4\" data-id=\"f2c79d4\" data-element_type=\"column\">\n\t\t\t<div class=\"elementor-widget-wrap elementor-element-populated\">\n\t\t\t\t\t\t\t\t<div class=\"elementor-element elementor-element-45f19d0 elementor-invisible elementor-widget elementor-widget-text-editor\" data-id=\"45f19d0\" data-element_type=\"widget\" data-settings=\"{&quot;_animation&quot;:&quot;fadeInRight&quot;}\" data-widget_type=\"text-editor.default\">\n\t\t\t\t<div class=\"elementor-widget-container\">\n\t\t\t\t\t\t\t\t<p>Sobre<\/p>\t\t\t\t\t\t<\/div>\n\t\t\t\t<\/div>\n\t\t\t\t<div class=\"elementor-element elementor-element-477f2ab elementor-invisible elementor-widget elementor-widget-text-editor\" data-id=\"477f2ab\" data-element_type=\"widget\" data-settings=\"{&quot;_animation&quot;:&quot;fadeInRight&quot;}\" data-widget_type=\"text-editor.default\">\n\t\t\t\t<div class=\"elementor-widget-container\">\n\t\t\t\t\t\t\t\t<p>Somos uma sociedade de advogados que alia a tradi\u00e7\u00e3o de uma fam\u00edlia de juristas \u00e0 criatividade e compet\u00eancia de jovens profissionais, empenhados na manuten\u00e7\u00e3o do reconhecimento no mercado, o que entendemos s\u00f3 ser poss\u00edvel com a realiza\u00e7\u00e3o de trabalho pautado na excel\u00eancia no atendimento, valoriza\u00e7\u00e3o da comunica\u00e7\u00e3o, compromisso e transpar\u00eancia.<\/p><p>O escrit\u00f3rio atua na presta\u00e7\u00e3o de servi\u00e7os jur\u00eddicos, sejam de interesses individuais ou empresarias, de maneira r\u00e1pida e segura, tanto nas rotinas mais simples quanto nas quest\u00f5es mais complexas, focado sempre em buscar a melhor solu\u00e7\u00e3o \u00e0s necessidades dos clientes, que receber\u00e3o aten\u00e7\u00e3o exclusiva na an\u00e1lise das peculiaridades de cada caso.<br \/><br \/>Os servi\u00e7os que prestamos n\u00e3o s\u00e3o opostos aos oferecidos por grandes escrit\u00f3rios de advocacia, uma vez que nossa proposta se traduz no conceito de \u201cescrit\u00f3rio boutique\u201d, com realiza\u00e7\u00e3o de trabalho especializado, com demanda seletiva, de forma que consigamos assegurar o atendimento exclusivo, por meio de equipe com qualifica\u00e7\u00e3o intelectual e operacional, em ambiente enxuto, moderno e norteado por princ\u00edpios \u00e9ticos, sempre na constante busca da satisfa\u00e7\u00e3o e e respeito de seus clientes.<br \/><br \/><\/p><p>\u00a0<\/p>\t\t\t\t\t\t<\/div>\n\t\t\t\t<\/div>\n\t\t\t\t\t<\/div>\n\t\t<\/div>\n\t\t\t\t\t\t\t<\/div>\n\t\t<\/section>\n\t\t\t\t\t\t<\/div>\n\t\t\t\t\t<\/div>\n\t\t","protected":false},"excerpt":{"rendered":"<p>Sobre Somos uma sociedade de advogados que alia a tradi\u00e7\u00e3o de uma fam\u00edlia de juristas \u00e0 criatividade e compet\u00eancia de jovens profissionais, empenhados na manuten\u00e7\u00e3o do reconhecimento no mercado, o que entendemos s\u00f3 ser poss\u00edvel com a realiza\u00e7\u00e3o de trabalho pautado na excel\u00eancia no atendimento, valoriza\u00e7\u00e3o da comunica\u00e7\u00e3o, compromisso e transpar\u00eancia. O escrit\u00f3rio atua na [&hellip;]<\/p>\n","protected":false},"author":1,"featured_media":0,"parent":0,"menu_order":0,"comment_status":"closed","ping_status":"closed","template":"","meta":{"footnotes":""},"class_list":["post-307","page","type-page","status-publish","hentry"],"_links":{"self":[{"href":"https:\/\/amaralematos.adv.br\/index.php?rest_route=\/wp\/v2\/pages\/307","targetHints":{"allow":["GET"]}}],"collection":[{"href":"https:\/\/amaralematos.adv.br\/index.php?rest_route=\/wp\/v2\/pages"}],"about":[{"href":"https:\/\/amaralematos.adv.br\/index.php?rest_route=\/wp\/v2\/types\/page"}],"author":[{"embeddable":true,"href":"https:\/\/amaralematos.adv.br\/index.php?rest_route=\/wp\/v2\/users\/1"}],"replies":[{"embeddable":true,"href":"https:\/\/amaralematos.adv.br\/index.php?rest_route=%2Fwp%2Fv2%2Fcomments&post=307"}],"version-history":[{"count":22,"href":"https:\/\/amaralematos.adv.br\/index.php?rest_route=\/wp\/v2\/pages\/307\/revisions"}],"predecessor-version":[{"id":532,"href":"https:\/\/amaralematos.adv.br\/index.php?rest_route=\/wp\/v2\/pages\/307\/revisions\/532"}],"wp:attachment":[{"href":"https:\/\/amaralematos.adv.br\/index.php?rest_route=%2Fwp%2Fv2%2Fmedia&parent=307"}],"curies":[{"name":"wp","href":"https:\/\/api.w.org\/{rel}","templated":true}]}}